ctors of z(8).
2, 29131
Let z = -1653 + -10230. List the prime factors of 3/4 + (-7 - z/12).
2, 3, 41
Let u(o) = -6*o + 19. Let w be (0/((-15)/3))/(-1). Suppose w = 6*t - 9*t - 39. List the prime factors of u(t).
97
Let a(j) = -2*j**3 - 24*j**2 + 26*j + 4. Let z be (-7)/(-8*3/(-48)). What are the prime factors of a(z)?
2, 53
Suppose -2*i = -4*l - 168, 0 = 5*l - 2*i - 94 + 303. Let n = 121 - l. List the prime factors of n.
2, 3
Suppose 2*v - 3693 = -2*v + q, 3*v - 2751 = -3*q. Suppose -2*g + 0*h = -2*h - v, -5*h = -2*g + 919. What are the prime factors of g?
2, 3, 7, 11
Let g(u) = -2*u**3 + 4*u + 3. Let s be g(-3). Let o be ((-30)/8)/(11/(4576/(-24))). Suppose -h - o = -3*p, p = 3*p - h - s. List the prime factors of p.
2, 5
Let d be 3/(-2) - ((-27)/6)/1. Suppose -4*f - 5*g = -d*f + 11, -2*f + 23 = -5*g. List the prime factors of (-38)/(-8)*((f - 0) + 0).
19
Let b(v) be the first derivative of -61*v**2 + 13*v + 23. Let o be b(-3). Suppose 3*q - 2*s = o, 0*q + 5*s + 135 = q. What are the prime factors of q?
5
Let b = 64 - 58. Suppose 3*g = b*g. Suppose g = a - 30 + 7. List the prime factors of a.
23
Suppose 2*k + 3*d = 21, -4*k = k - 3*d. Suppose k*y - 2*y + 103 = 3*j, 3*j - 3*y = 93. List the prime factors of (102/j*4)/(4/18).
3, 17
Let y = -79045 + 133009. What are the prime factors of y?
2, 3, 1499
Let j be (-3)/((-27)/(-2)) - 380/(-90). Suppose 3*z = -j*d + 1886, 4*d = 4*z + 1488 + 384. What are the prime factors of d?
2, 5, 47
Suppose 2*l - 58 + 50 = 0, t = 5*l + 17496. List the prime factors of t.
2, 29, 151
Let x(v) = -2*v**3 + 35*v**2 - 145*v - 18. Let j be x(9). Suppose 4*p = -44 - 8. Let k = p + j. List the prime factors of k.
41
Let j = 46 - -324. Suppose 0 = -25*g + 1772 + 278. Suppose -g = -4*f + j. List the prime factors of f.
113
Suppose 3*s + 3 - 15 = 0. Let a be 7 + (3 - s/1). Suppose -4*r + 430 = a*r. What are the prime factors of r?
43
Suppose -235*z + 22385496 = 297*z. List the prime factors of z.
2, 3, 7013
Suppose -9 = 3*m, 2*v - 4*m - 72 = -0*m. Let z be 26/6*1 + (-10)/v. What are the prime factors of (-20)/6*(-318)/z?
5, 53
Let z = 500 + -569. Let q(y) = 42*y**2 + 3*y + 1. Let b be q(-2). Let o = z + b. What are the prime factors of o?
2, 47
Suppose -23*f - 627 = -20*f. Let z = -120 - f. Let t = 349 - z. List the prime factors of t.
2, 5, 13
Suppose -27*r + 4395 = -12*r. Let h = r - 106. List the prime factors of h.
11, 17
Let m(p) = -5287*p - 24. What are the prime factors of m(-3)?
3, 5279
Let k = 1081 + -650. Let q = -353 + k. List the prime factors of q.
2, 3, 13
Let q(a) = 9*a - 4. Let m be q(1). Suppose 4*v = v - 2*w + 2539, -4265 = -m*v + 5*w. What are the prime factors of v?
3, 283
Suppose -110915 = -5*h - z + 51598, -4*z + 130020 = 4*h. What are the prime factors of h?
2, 3, 5417
Suppose 122*m - 143*m = -350217. What are the prime factors of m?
3, 17, 109
What are the prime factors of (2496/60)/(904/3115 + 4/(-14))?
2, 13, 89
Let p(f) = 5 - 7 - 5 + 4*f + 964*f**2 + 8. List the prime factors of p(-1).
31
Suppose -20 = -2*u + 3*v, 4*v + 0*v = -2*u + 20. Suppose u*s + 3*w = 12*s - 542, 2*w = 0. List the prime factors of s.
271
Let r be (-5271)/(-4) - 9/12. Suppose 9*z - 12*z = -r. Suppose 7*l - 331 = z. List the prime factors of l.
2, 5, 11
Let h be (-792)/(-60) + -13 - 46/5. What are the prime factors of (-2 - 57/h)*(12 - 6)?
2, 13
Let q be (-166)/(-4) + 4/8. Suppose -4*a - 3*a = -q. Suppose 910 = a*s + s. List the prime factors of s.
2, 5, 13
Suppose 1 = -3*i - 2*j, 0 = 2*i + j - 3*j - 16. Suppose 3*b - 456 = -4*x, i*x - 3*b = -0*x + 363. List the prime factors of x.
3, 13
Suppose 5*x + 24602 = f, -4*x + 49244 = 2*f - 6*x. What are the prime factors of f?
3, 8209
Suppose 230880 = 108*t - 8*t - 4*t. List the prime factors of t.
5, 13, 37
Suppose 169 = -3*f - 2*u, -2*f + 5*u = f + 197. Let j = f - -66. List the prime factors of j.
7
Suppose -93 = -22*c - 5. Suppose -c*d + s = 3*s - 3308, d + 5*s = 818. List the prime factors of d.
2, 3, 23
Let t(i) = -204*i + 1. Let l(o) = -100*o. Let b(m) = -5*l(m) + 2*t(m). Suppose -7*q + 5 = -2*q. List the prime factors of b(q).
2, 47
Let b(w) = 870*w - 841. What are the prime factors of b(13)?
19, 29
Let q(y) = -y - 8. Let n be q(0). Suppose 6*u + 1815 = -9*u. List the prime factors of 10*u/n - (-6)/8.
2, 19
Let v be (-2)/18 - (-56741)/207. Let h = 474 - v. What are the prime factors of h?
2, 5
Suppose 0 = o + 2*o - 30. Let q(j) = 171*j**2 - 3*j - 3. Let l be q(-1). Suppose -4*u = 4, -2*w + 5*u = -l - o. List the prime factors of w.
2, 11
Suppose -13*q - 2*b + 54567 = -10*q, 0 = 5*q - 6*b - 90917. List the prime factors of q.
13, 1399
List the prime factors of 2*(-2)/10 - 5195190/(-975).
2, 3, 37
Let a = 29 + -29. Suppose -10*f + 2*f + 264 = a. List the prime factors of -2 - 11/(f/(-324)).
2, 53
Suppose -13*g + 4627 + 26443 = 0. List the prime factors of g.
2, 5, 239
Let d(j) = 23*j. Let v be d(2). Let f(t) = 13*t + 162. List the prime factors of f(v).
2, 5, 19
Suppose -1344400 = -50*o - 171350. List the prime factors of o.
29, 809
Let f = 35479 - -10393. What are the prime factors of f?
2, 47, 61
Let z = 192 - -11315. List the prime factors of z.
37, 311
Suppose -642 = -4*j + 3*o - 93, 547 = 4*j - 5*o. Let d = 42 + j. List the prime factors of d.
2, 3, 5
Suppose -5*j = 2*u - 378960, -115*j + 2*u - 303168 = -119*j. List the prime factors of j.
2, 3, 1579
Let w = -194 - -172. List the prime factors of w/(-44)*(-146)/(-1).
73
Let z(f) = -f**3 - 4*f**2 - 7*f - 9. Let q be z(-3). What are the prime factors of (-3710)/(-5) - (q - (3 - -1))?
743
Suppose -2*s + 5 = -g, -2*g - 4 = -0*s - s. Suppose 2*a + s*y = -0*y + 8, 0 = -a + 3*y. What are the prime factors of 106/4*(a - -3)?
3, 53
Let m be (((-5238)/(-15))/6)/((-1)/(-5)). Suppose -5296 = 283*d - m*d. List the prime factors of d.
2, 331
Suppose 2285 - 166298 = -23*i. List the prime factors of i.
3, 2377
Let i be (10/30)/(2/9006). Suppose 13*o - i = 1749. What are the prime factors of o?
2, 5
Suppose c + 5*w - 32094 = 0, -c - 12*w = -9*w - 32088. What are the prime factors of c?
3, 17, 37
Let h(w) = 3062*w - 1593. List the prime factors of h(8).
37, 619
Let o(b) = -b. Let r(n) = n**2 + 7*n - 15. Let v(w) = 6*o(w) - r(w). Let f be v(-14). What are the prime factors of 0*f/(-3) + (-101)/(-1)?
101
Let g = 3762 + -433. What are the prime factors of g?
3329
What are the prime factors of -6 + -8 + -8 + 45693?
109, 419
Let q = -7 - 19. Let d(w) = w**2 + 27*w + 64. What are the prime factors of d(q)?
2, 19
Let z be (-3)/(-8) + 11637/72. Suppose -2*d + 984 - z = 0. List the prime factors of d.
3, 137
Let o(y) = 6*y + 22. Suppose 5*m + 3*n + 6 = 0, 0 = 4*n - 2 + 10. Let w(u) = u**3 - u**2 - 2*u + 21. Let k be w(m). List the prime factors of o(k).
2, 37
Let i be (-2 + (-4)/6)/(2/6). Let d be (-4)/i*-1*(-1 + 1). List the prime factors of 57 - (d + (-6)/(-2) + 0).
2, 3
Let s(n) be the second derivative of n**3/3 - 3*n**2/2 + 13*n. Let j be s(4). Suppose 2*i + 0 - 109 = r, -i + j*r + 41 = 0. What are the prime factors of i?
2, 7
Let p(a) = -a**2 - 2*a + 91. Suppose -5*g + 9*g - 148 = 0. Let w = -37 + g. List the prime factors of p(w).
7, 13
Let k(q) = 12*q - 11. Let m(n) = -10 + 16*n - 1 - 4*n. Let t(y) = -3*k(y) + 4*m(y). What are the prime factors of t(11)?
11
Suppose 5*u - 40 + 10 = 0. Let k(z) = -z**2 + 8*z - 17. Let h be k(u). List the prime factors of (-7)/(0 + h/10).
2, 7
What are the prime factors of 11203 + 8/(-10)*(-50)/(-20)?
23, 487
Let z(v) be the second derivative of -10*v**3/3 - 3*v**2 - 82*v. What are the prime factors of z(-2)?
2, 17
Suppose 120*j + 121*j = 221*j + 958860. What are the prime factors of j?
3, 7, 761
List the prime factors of 14/6*(11570 + -8 + 24).
2, 7, 1931
Suppose 0 = -2*j + 67*l - 69*l + 10504, -5*j + 26284 = -3*l. What are the prime factors of j?
5, 1051
Let r(d) = -3*d**3 + 85*d**2 + 1071*d + 25. What are the prime factors of r(-17)?
2, 59, 179
What are the prime factors of (-73583 + -34)*(0 + (4 + -2)/(-6))?
53, 463
Suppose 0 = -7*d + 1414 + 3157. Suppose -3*l + 4*q = -d - 493, -2*l + 744 = 4*q. What are the prime factors of l?
2, 3, 7
Let x(n) = 49*n + 8. Let u be x(11). Suppose -108 = f - u. What are the prime factors of f?
439
Suppose -20 = -25*k + 20*k. Suppose -4*y + 3*h = -4159, 2082 = -15*y + 17*y